 factors of j.
19, 61
Let j(a) = a**3 - 25*a**2 + 44*a + 27. Let h be j(22). List the prime factors of (h + -18)*(-6)/10 + 1.
2, 11, 13
Let h(p) be the second derivative of 31*p**3/6 - 20*p**2 + 802*p. Suppose -2*l + 12 = l. What are the prime factors of h(l)?
2, 3, 7
Let o(g) = -g - 13. Let s be o(2). Let i(r) = 6*r**2 - 23*r + 13. Let t be i(s). What are the prime factors of (1/(-2))/((-7)/t) - -3?
5
Suppose -479131 = -125*c + 219744. List the prime factors of c.
5591
Let b(n) = -23*n + 13 + 8*n + 281*n**3 - 280*n**3 + 12*n**2 - 42. Let v be b(-13). List the prime factors of ((-21)/v)/(4/52).
7, 13
Suppose -1076 = 4*n - 296. What are the prime factors of -85*(n/25 - -2)?
17, 29
Let c be ((-3 - 3) + 7)/(1/(-11)). Let z(f) = 2*f**2 + 21*f + 9. List the prime factors of z(c).
2, 5
List the prime factors of 6/(-14) + ((-10560)/(-112))/10.
3
Suppose 3*j - 5*j + 443 = 3*k, 0 = -k + j + 141. Let z = 162 - k. List the prime factors of z.
17
Let k(x) = -116*x - 13 + 188*x - x**2 + 1 - 109*x. What are the prime factors of k(-30)?
2, 3, 11
What are the prime factors of (-72)/(-32) - (-407028)/48?
2, 4241
Suppose 7*f - 4*f = 53*f - 917550. What are the prime factors of f?
3, 2039
Let f be 2/(-14) - 176/(-56). Suppose -j + f*k = 319 - 1103, -4*j - 2*k = -3150. List the prime factors of j.
787
Suppose 0 = -952*a + 947*a + 3035. Suppose -605 = -3*q - p, 0 = -3*q - 5*p + 3*p + a. What are the prime factors of q?
3, 67
Suppose 0*f = -f. Suppose 0*d + 2*d + f*d = 0. Suppose d*m - 3*m = i - 144, 4 = m. List the prime factors of i.
2, 3, 11
Let b(m) = 13*m**2 + 3*m + 2. Suppose -11*z - 4 = -7*z. Let h be b(z). Suppose 0 = h*r + 83 - 263. What are the prime factors of r?
3, 5
Let u be 3/(-6)*9*10/45. Let k(g) = -1064*g + 46. What are the prime factors of k(u)?
2, 3, 5, 37
Suppose -9*p - 7137 + 1863 = 0. Let u = 82 - p. Suppose 10*k = 6*k + u. What are the prime factors of k?
167
Let h(g) = 34*g**2 + 12*g - 1178. List the prime factors of h(41).
2, 19, 743
Suppose 3*r = -3*r + 36. Let j be (1 + -334)*r/6. Let d = j + 576. List the prime factors of d.
3
Let d be (-12)/24 + 46/4. Suppose 8*k + 216 = d*k. Suppose -2*x + 8 + k = 0. What are the prime factors of x?
2, 5
Let p be 23410 - (15/3 + -3). Suppose -2*v = -4*w - p, -2*w = -2*v - v + 35104. What are the prime factors of (-2)/11 + v/99?
2, 59
Let a be (12700/28 - -3) + (-8)/14. Suppose -2*n - n - 2*m = -274, -5*n - 4*m + a = 0. Let g = n + -18. What are the prime factors of g?
2, 37
Let w(a) = a**2 - 8*a + 8. Let q(d) = d**2 - d + 4. Let p be q(2). Let y be w(p). What are the prime factors of y/(-10) - (-366)/10?
37
Suppose -3*f + 61*n = 58*n - 5694, f = -n + 1898. Suppose -15*v - f = -12038. What are the prime factors of v?
2, 13
Suppose 2*i + 64 = -2*j - 2*i, -76 = 2*j + i. What are the prime factors of 422 - ((-1)/(5/j) + -5)?
419
Let w = -47 + 86. Let z be (-25)/2 - w/26. Let r(b) = -4*b - 53. What are the prime factors of r(z)?
3
Let g(a) = 11*a**2 + 3*a + 11. Let c be g(-3). Let i = c + -35. Suppose -i = -11*v + 5*v. List the prime factors of v.
11
Suppose -v - k = -74918, 40*v - 44*v + k + 299702 = 0. What are the prime factors of v?
2, 18731
Let u(i) = -140*i - 70. List the prime factors of u(-47).
2, 3, 5, 7, 31
Let p(s) be the third derivative of s**6/120 + 2*s**5/15 - 7*s**4/12 - 17*s**3/6 + 13*s**2. Let h be p(-7). Let t = h - 71. What are the prime factors of t?
59
Let x = 261 - 554. Let s = x + 510. Suppose 231 + s = 8*g. What are the prime factors of g?
2, 7
Let w = 24461 - 16758. What are the prime factors of w?
7703
Let n(t) = -48*t + 14732. List the prime factors of n(61).
2, 13, 227
Suppose 129*f = -159*f + 174*f + 8647584. List the prime factors of f.
2, 11, 431
Let g = -58 + 78. Suppose -7*c - g + 6 = 0. List the prime factors of c/(3*1/(-102)).
2, 17
List the prime factors of (-250)/875 - 444434/(-14).
5, 7, 907
Let c be (134 - 3666)/(1 - (-10)/(-8)). Suppose -2867 = -15*m + c. List the prime factors of m.
11, 103
What are the prime factors of ((-87527)/(-33) + 8)/((-2)/(-6))?
23, 347
Let m(j) = 4*j**2 + 23*j + 25. Let i be 10/(-3)*(-14 - -17). What are the prime factors of m(i)?
3, 5, 13
Let s = 100 - 90. Suppose -346 = -4*p + 5*d, 2*d + s = -3*d. Let l = p + -30. What are the prime factors of l?
2, 3
Suppose -36*y = -33*y + 3*t - 59643, -t = 3*y - 59637. List the prime factors of y.
2, 3, 3313
Let r(f) = -102*f + 207*f - 153*f - f**2 - 57. What are the prime factors of r(-19)?
2, 13, 19
Suppose m + 32*r - 19154 = 28*r, 0 = -5*m + 3*r + 95632. List the prime factors of m.
2, 5, 1913
Suppose 2*a + 2*g - g = 4, 5*a + g = 4. Suppose 2*f + 3581 - 11712 = -5*n, 3*f - 9 = a. What are the prime factors of n?
5, 13
Let i(u) = 667*u - 15210. List the prime factors of i(92).
2, 47, 491
Suppose -5*n + 4 = -11. Suppose -2*a + 6*a - n*a = 0. Suppose 3*b - 170 - 46 = a. What are the prime factors of b?
2, 3
What are the prime factors of 77/33*(-24930)/(-21)?
2, 5, 277
Let g be (2/(-6))/((-11)/(-6567)). Let p = g - -378. List the prime factors of p.
179
Let c = 513 + -509. Suppose y + 4*y = -2*n + 2931, c*n = 5*y + 5937. List the prime factors of n.
2, 739
Suppose -5*s = -3*l - 17, 0 = -5*s + l + 5 + 14. What are the prime factors of (-591)/6*s/(-1)?
2, 197
Suppose -102 = 6*n + 258. Let t = n + 64. Suppose 6*v = t*v + 184. List the prime factors of v.
2, 23
Let r = -8984 + 14065. What are the prime factors of r?
5081
Let f(x) = -x + 18. Let l be f(12). Let k be (-4)/l + (-104)/(-12). What are the prime factors of (2/k)/((-3)/(-4944)*4)?
103
Suppose 4*t - 32 = 236. Let k = t + -64. Suppose k*q = -83 + 401. List the prime factors of q.
2, 53
Let r(i) = -i**3 + 4*i**2 - 3 + 7 - 6*i + 13*i - 2*i. Let c be r(5). Suppose 2*t - z - 10 = 0, -c*t + 0*z + 16 = -3*z. List the prime factors of t.
7
Let l(c) = 2*c + 130. Let u = 223 + -213. List the prime factors of l(u).
2, 3, 5
Let c be (-4)/2 + (-4 - -4) + 4. Suppose 6 = c*d, -m + 2*d - 4 = -d. Let l(x) = x**2 + 6*x + 4. List the prime factors of l(m).
59
Suppose 19*l + 16 = 23*l. Suppose 476*o = 478*o - 8. Suppose -20 = -o*v, -l*u - u = -v - 1080. List the prime factors of u.
7, 31
Let u(s) = -3*s - 54. Let y be u(-11). Let m(b) = b**2 + 4*b + 34. What are the prime factors of m(y)?
17, 23
Suppose 5633 = -3*i + 1205. Let c = i - -1011. Let u = -331 - c. What are the prime factors of u?
2, 67
Let n(l) = 1373*l**2 - 31*l - 4. What are the prime factors of n(-2)?
2, 3, 5, 37
Let p(t) = -t**3 - 13*t**2 - 15*t + 73. Let i be p(-13). Let m(q) = -2*q**3 - 4*q**2 + 3*q - 2. Let b be m(3). Let n = i + b. What are the prime factors of n?
5, 37
Let o(n) = -3*n**3 - 87*n**2 - 623*n - 17. List the prime factors of o(-7).
2, 3, 5, 37
Let a be (98/56)/(2/40). Let i = a + -41. List the prime factors of (-3)/(-9) - 382/i.
2
Suppose -4*z - 1113 = -1073. What are the prime factors of 15*((-4)/z - (-3 + -98))?
3, 13
Let c be (-2)/7 - 11816/(-196). What are the prime factors of 3094/9 - c/(-270)?
2, 43
Suppose -2*h + 5*c = c + 12, 5*h + 2*c = 18. Let t be -2 - (-3 - 433) - h. Suppose 3*p = t - 18. List the prime factors of p.
2, 3, 23
Suppose -8*j - 105 + 81 = 0. Let d(a) = a. Let u be d(-3). What are the prime factors of (u + (214 - j))/2?
107
Let v be -2 - -2 - (5 - 5). Suppose v = -179*p + 176*p + 1929. List the prime factors of p.
643
Suppose -36807 = -21*m + 83901. What are the prime factors of m?
2, 3, 479
List the prime factors of (-633250)/(-306) + 1/(-4) + 210/(-1080).
2069
Let f = -690 - -673. Let d(t) = -69*t - 67. List the prime factors of d(f).
2, 7, 79
What are the prime factors of (-1)/(2/(-57898)) + -23?
2, 3, 1607
Let y(m) = -m**3 - 9*m**2 - 9*m + 36. Let q be y(-6). List the prime factors of 48/q*2820/(-16).
2, 5, 47
Suppose 3*j = -29*l + 24*l + 172999, -l + 3*j = -34589. What are the prime factors of l?
2, 17299
Let k = 153 - 226. Let q = 5 - k. What are the prime factors of q?
2, 3, 13
Let d = -50064 - -114809. What are the prime factors of d?
5, 23, 563
Suppose -5*b + 245097 = -4*a, 4*b = 4*a + 144821 + 51259. What are the prime factors of b?
3, 16339
Let o(b) be the third derivative of 9*b**2 + 1/8*b**4 - 8/3*b**3 + 0*b + 0. List the prime factors of o(18).
2, 19
Let q be (1 - (-2)/10)/((-2)/(-5)). Suppose 0 = h - 5, q*b + 146 = -h - 95. Let n = b - -110. 